{"id":125,"date":"2024-10-01T16:12:32","date_gmt":"2024-10-01T14:12:32","guid":{"rendered":"https:\/\/numeriquedeconfiance.fr\/?page_id=125"},"modified":"2026-02-06T14:30:58","modified_gmt":"2026-02-06T13:30:58","slug":"accueil","status":"publish","type":"page","link":"https:\/\/numeriquedeconfiance.fr\/","title":{"rendered":"Comit\u00e9 Strat\u00e9gique de Fili\u00e8re \u00ab\u00a0Logiciels et Solutions Num\u00e9riques de Confiance\u00a0\u00bb"},"content":{"rendered":"\t\t<div data-elementor-type=\"wp-page\" data-elementor-id=\"125\" class=\"elementor elementor-125\">\n\t\t\t\t<div class=\"elementor-element elementor-element-37e4346 e-flex e-con-boxed e-con e-parent\" data-id=\"37e4346\" data-element_type=\"container\">\n\t\t\t\t\t<div class=\"e-con-inner\">\n\t\t\t\t<div class=\"elementor-element elementor-element-77bcadd2 elementor-widget elementor-widget-text-editor\" data-id=\"77bcadd2\" data-element_type=\"widget\" data-widget_type=\"text-editor.default\">\n\t\t\t\t<div class=\"elementor-widget-container\">\n\t\t\t\t\t\t\t\t\t<p>Le 22 avril 2025, <strong>Philippe Baptiste<\/strong>, Ministre charg\u00e9 de l\u2019Enseignement sup\u00e9rieur et de la Recherche, <strong>Marc Ferracci<\/strong>, Ministre charg\u00e9 de l\u2019Industrie et de l\u2019\u00c9nergie, <strong>Clara Chappaz<\/strong>, Ministre d\u00e9l\u00e9gu\u00e9e charg\u00e9e de l\u2019Intelligence artificielle et du Num\u00e9rique, et <strong>Nasser Boualam<\/strong>, D\u00e9l\u00e9gu\u00e9 National de la CFE\u2011CGC, ont sign\u00e9 avec <strong>Michel Paulin<\/strong>, Pr\u00e9sident de la fili\u00e8re, le contrat de la fili\u00e8re Logiciels et Solutions Num\u00e9riques de Confiance.<\/p>\n<p><!-- \/wp:paragraph --><\/p>\n<p><!-- wp:paragraph --><\/p>\n<p><strong>Bienvenue sur le site du Comit\u00e9 Strat\u00e9gique de Fili\u00e8re Logiciels et Solutions Num\u00e9riques de Confiance !<\/strong><\/p>\n<p><!-- \/wp:list --><\/p>\n<p><!-- wp:separator --><\/p>\n<hr class=\"wp-block-separator has-alpha-channel-opacity\" \/>\n<p><!-- \/wp:separator --><\/p>\t\t\t\t\t\t\t\t<\/div>\n\t\t\t\t<\/div>\n\t\t\t\t\t<\/div>\n\t\t\t\t<\/div>\n\t\t<div class=\"elementor-element elementor-element-85b3a17 e-flex e-con-boxed e-con e-parent\" data-id=\"85b3a17\" data-element_type=\"container\">\n\t\t\t\t\t<div class=\"e-con-inner\">\n\t\t\t\t<div class=\"elementor-element elementor-element-2f82324 elementor-widget elementor-widget-text-editor\" data-id=\"2f82324\" data-element_type=\"widget\" data-widget_type=\"text-editor.default\">\n\t\t\t\t<div class=\"elementor-widget-container\">\n\t\t\t\t\t\t\t\t\t<h5><br \/><strong>Restez inform\u00e9.e.s des actualit\u00e9s du Comit\u00e9 Strat\u00e9gique de Fili\u00e8re<\/strong><!-- \/wp:paragraph --><\/h5>\n<p><!-- wp:paragraph --><\/p>\n<p><strong>Tous les mois<\/strong>, les \u00e9quipes de l&rsquo;association Solutions Num\u00e9riques de Confiance font le point sur les <strong>actualit\u00e9s du Comit\u00e9 Strat\u00e9gique de Fili\u00e8re Logiciels et Solutions Num\u00e9riques de Confiance<\/strong>, les progr\u00e8s r\u00e9alis\u00e9s au sein des <strong>groupes de travail<\/strong>, et les <strong>actualit\u00e9s<\/strong> majeures en lien avec notre fili\u00e8re.<\/p>\n<p><!-- \/wp:paragraph --><\/p>\n<p><!-- wp:paragraph --><\/p>\n<p style=\"text-align: center;\"><a class=\"wp-block-button__link\" style=\"background-color: #215fda; color: #ffffff; font-size: 15px; font-weight: bold; padding: 0.9em 3em; text-transform: uppercase; letter-spacing: 0.4px; text-decoration: none;\" href=\"https:\/\/numeriquedeconfiance.fr\/index.php\/inscription-a-la-newsletter\/\">Abonnez-vous \u00e0 notre newsletter<\/a><\/p>\n<p><!-- \/wp:paragraph --><\/p>\n<p><!-- wp:separator --><\/p>\n<hr class=\"wp-block-separator has-alpha-channel-opacity\" \/>\t\t\t\t\t\t\t\t<\/div>\n\t\t\t\t<\/div>\n\t\t\t\t<div class=\"elementor-element elementor-element-02238af elementor-widget elementor-widget-text-editor\" data-id=\"02238af\" data-element_type=\"widget\" data-widget_type=\"text-editor.default\">\n\t\t\t\t<div class=\"elementor-widget-container\">\n\t\t\t\t\t\t\t\t\t<h5><!-- wp:paragraph --><br \/><strong>Contribuez aux travaux du Comit\u00e9 Strat\u00e9gique de Fili\u00e8re<\/strong><br \/><!-- \/wp:paragraph --><\/h5>\n<p><!-- wp:paragraph --><\/p>\n<p>Rejoignez nos groupes de travail pour participer aux travaux du Comit\u00e9 sur la structuration de la fili\u00e8re, l&rsquo;innovation, la protection de la donn\u00e9e sensible, la commande publique et priv\u00e9e&#8230;<\/p>\n<p><!-- \/wp:paragraph --><\/p>\n<p><!-- wp:paragraph --><\/p>\n<p style=\"text-align: center;\"><a class=\"wp-block-button__link\" style=\"background-color: #215fda; color: #ffffff; font-size: 15px; font-weight: bold; padding: 0.9em 3em; text-transform: uppercase; letter-spacing: 0.4px; text-decoration: none;\" href=\"https:\/\/numeriquedeconfiance.fr\/index.php\/rejoindre-un-groupe-de-travail\/\">Rejoignez nos groupes de travail<\/a><\/p>\n<p><!-- \/wp:paragraph --><\/p>\n<p><!-- wp:separator --><\/p>\n<hr class=\"wp-block-separator has-alpha-channel-opacity\" \/>\n<p><!-- \/wp:separator --><\/p>\t\t\t\t\t\t\t\t<\/div>\n\t\t\t\t<\/div>\n\t\t\t\t\t<\/div>\n\t\t\t\t<\/div>\n\t\t<div class=\"elementor-element elementor-element-3c9dec1 e-flex e-con-boxed e-con e-parent\" data-id=\"3c9dec1\" data-element_type=\"container\">\n\t\t\t\t\t<div class=\"e-con-inner\">\n\t\t\t\t<div class=\"elementor-element elementor-element-dc631b9 elementor-widget elementor-widget-text-editor\" data-id=\"dc631b9\" data-element_type=\"widget\" data-widget_type=\"text-editor.default\">\n\t\t\t\t<div class=\"elementor-widget-container\">\n\t\t\t\t\t\t\t\t\t<h5><!-- wp:paragraph --><br \/><strong>Devenez membre de l&rsquo;Association<\/strong><!-- \/wp:paragraph --><\/h5>\n<p><!-- wp:paragraph --><\/p>\n<p><strong>L\u2019association Solutions Num\u00e9riques de Confiance<\/strong> soutient les travaux de la fili\u00e8re. Ses membres participent aux instances de pilotage de la fili\u00e8re (Assembl\u00e9e G\u00e9n\u00e9rale, Conseil d&rsquo;Administration).<\/p>\n<p><!-- \/wp:paragraph --><\/p>\n<p><!-- wp:paragraph --><\/p>\n<p style=\"text-align: center;\"><a class=\"wp-block-button__link\" style=\"background-color: #215fda; color: #ffffff; font-size: 15px; font-weight: bold; padding: 0.9em 3em; text-transform: uppercase; letter-spacing: 0.4px; text-decoration: none;\" href=\"https:\/\/framaforms.org\/demande-dadhesion-solutions-numeriques-de-confiance-1712162094\">ADh\u00e9rez \u00e0 l&rsquo;association solutions num\u00e9riques de confiance pour soutenir les travaux du comit\u00e9 strat\u00e9gique de fili\u00e8re<\/a><\/p>\n<p><!-- \/wp:paragraph --><\/p>\n<p><!-- wp:separator --><\/p>\n<hr class=\"wp-block-separator has-alpha-channel-opacity\" \/>\n<p><!-- \/wp:separator --><\/p>\t\t\t\t\t\t\t\t<\/div>\n\t\t\t\t<\/div>\n\t\t\t\t\t<\/div>\n\t\t\t\t<\/div>\n\t\t<div class=\"elementor-element elementor-element-0d8b6f0 e-flex e-con-boxed e-con e-parent\" data-id=\"0d8b6f0\" data-element_type=\"container\">\n\t\t\t\t\t<div class=\"e-con-inner\">\n\t\t\t\t\t<\/div>\n\t\t\t\t<\/div>\n\t\t\t\t<\/div>\n\t\t","protected":false},"excerpt":{"rendered":"<p>Le 22 avril 2025, Philippe Baptiste, Ministre charg\u00e9 de l\u2019Enseignement sup\u00e9rieur et de la Recherche, Marc Ferracci, Ministre charg\u00e9 de l\u2019Industrie et de l\u2019\u00c9nergie, Clara Chappaz, Ministre d\u00e9l\u00e9gu\u00e9e charg\u00e9e de [&hellip;]<\/p>\n","protected":false},"author":1,"featured_media":0,"parent":0,"menu_order":0,"comment_status":"closed","ping_status":"closed","template":"","meta":{"_price":"","_stock":"","_tribe_ticket_header":"","_tribe_default_ticket_provider":"","_tribe_ticket_capacity":"0","_ticket_start_date":"","_ticket_end_date":"","_tribe_ticket_show_description":"","_tribe_ticket_show_not_going":false,"_tribe_ticket_use_global_stock":"","_tribe_ticket_global_stock_level":"","_global_stock_mode":"","_global_stock_cap":"","_tribe_rsvp_for_event":"","_tribe_ticket_going_count":"","_tribe_ticket_not_going_count":"","_tribe_tickets_list":"[]","_tribe_ticket_has_attendee_info_fields":false,"footnotes":"","_tec_slr_enabled":"","_tec_slr_layout":""},"class_list":["post-125","page","type-page","status-publish","hentry"],"blocksy_meta":[],"ticketed":false,"_links":{"self":[{"href":"https:\/\/numeriquedeconfiance.fr\/index.php\/wp-json\/wp\/v2\/pages\/125","targetHints":{"allow":["GET"]}}],"collection":[{"href":"https:\/\/numeriquedeconfiance.fr\/index.php\/wp-json\/wp\/v2\/pages"}],"about":[{"href":"https:\/\/numeriquedeconfiance.fr\/index.php\/wp-json\/wp\/v2\/types\/page"}],"author":[{"embeddable":true,"href":"https:\/\/numeriquedeconfiance.fr\/index.php\/wp-json\/wp\/v2\/users\/1"}],"replies":[{"embeddable":true,"href":"https:\/\/numeriquedeconfiance.fr\/index.php\/wp-json\/wp\/v2\/comments?post=125"}],"version-history":[{"count":58,"href":"https:\/\/numeriquedeconfiance.fr\/index.php\/wp-json\/wp\/v2\/pages\/125\/revisions"}],"predecessor-version":[{"id":1111,"href":"https:\/\/numeriquedeconfiance.fr\/index.php\/wp-json\/wp\/v2\/pages\/125\/revisions\/1111"}],"wp:attachment":[{"href":"https:\/\/numeriquedeconfiance.fr\/index.php\/wp-json\/wp\/v2\/media?parent=125"}],"curies":[{"name":"wp","href":"https:\/\/api.w.org\/{rel}","templated":true}]}}