{"id":152,"date":"2024-10-01T16:57:19","date_gmt":"2024-10-01T14:57:19","guid":{"rendered":"https:\/\/numeriquedeconfiance.fr\/?page_id=152"},"modified":"2025-05-27T10:34:54","modified_gmt":"2025-05-27T08:34:54","slug":"le-comite","status":"publish","type":"page","link":"https:\/\/numeriquedeconfiance.fr\/index.php\/le-comite\/","title":{"rendered":"Le Comit\u00e9"},"content":{"rendered":"\t\t<div data-elementor-type=\"wp-page\" data-elementor-id=\"152\" class=\"elementor elementor-152\">\n\t\t\t\t<div class=\"elementor-element elementor-element-30fee128 e-flex e-con-boxed e-con e-parent\" data-id=\"30fee128\" data-element_type=\"container\">\n\t\t\t\t\t<div class=\"e-con-inner\">\n\t\t\t\t<div class=\"elementor-element elementor-element-78dc70f7 elementor-widget elementor-widget-text-editor\" data-id=\"78dc70f7\" data-element_type=\"widget\" data-widget_type=\"text-editor.default\">\n\t\t\t\t<div class=\"elementor-widget-container\">\n\t\t\t\t\t\t\t\t\t\n<ul class=\"wp-block-list\">\n<li><a href=\"https:\/\/numeriquedeconfiance.fr\/index.php\/quest-ce-quun-comite-strategique-de-filiere\/\">Qu&rsquo;est-ce qu&rsquo;un Comit\u00e9 Strat\u00e9gique de Fili\u00e8re ?<\/a><\/li>\n\n<li><a href=\"https:\/\/numeriquedeconfiance.fr\/index.php\/le-csf-solutions-numeriques-de-confiance\/\">Le Comit\u00e9 Strat\u00e9gique de Fili\u00e8re \u00ab\u00a0Solutions Num\u00e9riques de Confiance\u00a0\u00bb<\/a><\/li>\n\n<li><a href=\"https:\/\/numeriquedeconfiance.fr\/index.php\/le-contrat-de-filiere\/\">Le Contrat de Fili\u00e8re<\/a><\/li>\n\n<li><a href=\"https:\/\/numeriquedeconfiance.fr\/index.php\/les-groupes-de-travail\/\">Les Groupes de Travail<\/a><\/li>\n<li><a href=\"https:\/\/www.entreprises.gouv.fr\/secteurs-dactivite\/le-secteur-de-lindustrie-en-france\/les-comites-strategiques-de-filiere\/la\">La page du Comit\u00e9 Strat\u00e9gique de Fili\u00e8re sur le site de la DGE<\/a><\/li>\n<\/ul>\n\t\t\t\t\t\t\t\t<\/div>\n\t\t\t\t<\/div>\n\t\t\t\t\t<\/div>\n\t\t\t\t<\/div>\n\t\t\t\t<\/div>\n\t\t","protected":false},"excerpt":{"rendered":"","protected":false},"author":1,"featured_media":0,"parent":0,"menu_order":0,"comment_status":"closed","ping_status":"closed","template":"","meta":{"_price":"","_stock":"","_tribe_ticket_header":"","_tribe_default_ticket_provider":"","_tribe_ticket_capacity":"0","_ticket_start_date":"","_ticket_end_date":"","_tribe_ticket_show_description":"","_tribe_ticket_show_not_going":false,"_tribe_ticket_use_global_stock":"","_tribe_ticket_global_stock_level":"","_global_stock_mode":"","_global_stock_cap":"","_tribe_rsvp_for_event":"","_tribe_ticket_going_count":"","_tribe_ticket_not_going_count":"","_tribe_tickets_list":"[]","_tribe_ticket_has_attendee_info_fields":false,"footnotes":"","_tec_slr_enabled":"","_tec_slr_layout":""},"class_list":["post-152","page","type-page","status-publish","hentry"],"blocksy_meta":[],"ticketed":false,"_links":{"self":[{"href":"https:\/\/numeriquedeconfiance.fr\/index.php\/wp-json\/wp\/v2\/pages\/152","targetHints":{"allow":["GET"]}}],"collection":[{"href":"https:\/\/numeriquedeconfiance.fr\/index.php\/wp-json\/wp\/v2\/pages"}],"about":[{"href":"https:\/\/numeriquedeconfiance.fr\/index.php\/wp-json\/wp\/v2\/types\/page"}],"author":[{"embeddable":true,"href":"https:\/\/numeriquedeconfiance.fr\/index.php\/wp-json\/wp\/v2\/users\/1"}],"replies":[{"embeddable":true,"href":"https:\/\/numeriquedeconfiance.fr\/index.php\/wp-json\/wp\/v2\/comments?post=152"}],"version-history":[{"count":5,"href":"https:\/\/numeriquedeconfiance.fr\/index.php\/wp-json\/wp\/v2\/pages\/152\/revisions"}],"predecessor-version":[{"id":571,"href":"https:\/\/numeriquedeconfiance.fr\/index.php\/wp-json\/wp\/v2\/pages\/152\/revisions\/571"}],"wp:attachment":[{"href":"https:\/\/numeriquedeconfiance.fr\/index.php\/wp-json\/wp\/v2\/media?parent=152"}],"curies":[{"name":"wp","href":"https:\/\/api.w.org\/{rel}","templated":true}]}}